e prime factors of d(4).
2
What are the prime factors of (12/84 - 2414/(-56))*4?
173
Let z = 46 - 30. What are the prime factors of z?
2
Suppose -3*c + 5*c + 18 = 0. Let k be (0/(-2) - 0) + -18. Let q = c - k. What are the prime factors of q?
3
Suppose -5*r + 20 + 15 = 0. Suppose -3*n = -r + 1. Suppose -1 = n*t - p - 6, 0 = 5*t - 3*p - 12. List the prime factors of t.
3
Let d = 2 - 1. Suppose d = -g, -5*g - 29 = -5*o - g. Let n(b) = -b**2 + 8*b - 3. List the prime factors of n(o).
2, 3
Suppose 2*t - 28 = -2*v, -3*t + 4*t + 3*v - 16 = 0. What are the prime factors of t?
13
Let m(w) = -w**3 + w**2 + w - 5. Let l be m(0). Let i(d) = -d**3 - 4*d**2 + 2*d - 6. Let s be i(l). Let q = 19 - s. List the prime factors of q.
2, 5
Let b = 6 + -4. Suppose 3*i - 65 = -b*i. List the prime factors of i.
13
Suppose -d + 5*d = -4*q - 28, -2*q + 5*d = 0. Let l be (-2)/q + 44/(-10). Let m = -2 - l. List the prime factors of m.
2
Let c(r) = r**2 + 0*r**3 + r**3 - 7 - 11*r**2 + r + 2*r**2. Let y be c(8). Suppose y = -2*d + 23. What are the prime factors of d?
11
List the prime factors of 15 - -133 - 3*1.
5, 29
Let w(c) = 4*c**2 + 7*c - 3. What are the prime factors of w(5)?
2, 3, 11
Let k = 4 - 6. What are the prime factors of 25 + k + 2 + 3?
2, 7
Let j(q) = 53*q + 8. What are the prime factors of j(3)?
167
Let c = -29 - -52. List the prime factors of c.
23
Suppose 4*b - 51 = 1. What are the prime factors of (29/(-2))/(b/(-26))?
29
Let y(f) = -f**2 + 6*f - 5. Let r be y(4). Suppose w + r*w - 16 = 0. Let l = w + -1. What are the prime factors of l?
3
Let w(h) = 8*h**3 + 2*h**2 - h. Suppose -s + 0*s + 1 = 0. List the prime factors of w(s).
3
Suppose 0 = 2*c - 79 - 51. What are the prime factors of c?
5, 13
Let q be (-3)/2*1*-18. Suppose 0*h = -h - x - q, 5*x + 75 = -3*h. List the prime factors of (2/(-3))/(2/h).
2, 5
Let l(b) = -14*b + 60. What are the prime factors of l(-18)?
2, 3, 13
Suppose 0 = -4*h + 116 + 12. List the prime factors of h.
2
Let o(g) = -g**2 + 7*g + 13. List the prime factors of o(8).
5
Suppose 0 = -3*c - 2 - 4, -i = 4*c - 11. What are the prime factors of i?
19
Suppose -2*w - 3 = -o, -o = -2*w + 3*w - 6. List the prime factors of (1/(-3))/(w/(-69)).
23
Let z(s) = 4*s + 13. List the prime factors of z(6).
37
Let g = 4 - 4. Let d = 0 + g. Let t = 4 + d. List the prime factors of t.
2
Let o = 49 - 20. List the prime factors of o.
29
Let q(z) = z**2 + z - 5. What are the prime factors of q(5)?
5
Suppose 0 = 4*x - 183 - 341. List the prime factors of x.
131
Let v(p) = p**2 + 3*p. Let g = 11 + -15. Let y be v(g). Suppose -48 = -y*t + 12. What are the prime factors of t?
3, 5
Let l = 2 - 2. Suppose 20 = -2*n - l*n. Let y = -5 - n. What are the prime factors of y?
5
Suppose -632 = -4*u - 5*p, 4*p - 773 = -5*u + 2*p. List the prime factors of u.
3, 17
Suppose -r - 82 = -394. What are the prime factors of r?
2, 3, 13
Suppose -k = 4*k - 185. List the prime factors of k.
37
Suppose -4*y = -y - 6. Suppose o - y*o = -19. List the prime factors of o.
19
Suppose 0*f - 3*f - 2 = 2*h, -3*f = 12. Suppose -5*u - 1 = -11. Suppose z = u*z - h. List the prime factors of z.
5
Let s = 33 - 27. Let g(a) = a + 0*a - 2 + a. What are the prime factors of g(s)?
2, 5
List the prime factors of 8/40 + 19/5.
2
Let c = 89 - 10. Let a = c - 36. List the prime factors of a.
43
Let g be -3*(0 + 400/(-12)). Suppose -2*b = -l + 10 + 12, 5*b = 5*l - g. List the prime factors of l.
2, 3
Let p be 148/12 - 2/(-3). Let n = p + -5. Suppose 36 = 4*o - n. List the prime factors of o.
11
Let f = -5 + 9. Suppose -3*y + 30 = 4*k, -k + 14 = 2*y + f. What are the prime factors of k?
2, 3
Suppose -11 = -w + h, 0 = 6*w - 2*w + 4*h - 4. Let b = -4 + w. What are the prime factors of b?
2
Let k(j) = -j**3 + 5*j**2 - 2*j - 3. Let o be k(4). Suppose o*y - 2*y = -5*b - 16, y = 2*b + 13. What are the prime factors of y?
3
Let h = -1 + 2. Let j = 3 - h. What are the prime factors of j?
2
Suppose -4*i = -4*y - 40, i - y = 2*i - 8. Suppose 4*l = 95 + i. Suppose -3*f + f - 5*w = -l, -2*f = -4*w - 8. What are the prime factors of f?
2
Suppose 4*r - 20 = -0*n - 2*n, -5*r + 20 = 2*n. Let s be (-4)/n + (-6)/(-15). Suppose -2*h + 5*h - 39 = s. What are the prime factors of h?
13
List the prime factors of (1 - -11)/(20/130).
2, 3, 13
Suppose 3*m - 4*x + 32 = 114, 0 = 5*m + x - 152. What are the prime factors of m?
2, 3, 5
Let h(k) = -k**3 + 21*k**2 + 5*k + 57. List the prime factors of h(21).
2, 3
Let f(r) = -r**2 + 13*r - 15. Let v be f(11). Suppose 0 = -2*x + n + 44, 2*x - 5*n + 95 = v*x. List the prime factors of x.
3, 7
Suppose 4*s - 165 = s. Suppose 2*t - s = -5*h, 0 = -h - t + 4*t + 28. Suppose -2*n - h = -41. List the prime factors of n.
2, 7
Let p(i) be the third derivative of -i**5/60 + 5*i**4/24 - i**3/3 - 2*i**2. Let b be p(3). Suppose b = -0*y + y. What are the prime factors of y?
2
Suppose -15 = -0*s + s. Let m = 27 + s. What are the prime factors of m?
2, 3
Let v = 6 - 4. Suppose 5*m + 7 = v. Let c = 3 + m. What are the prime factors of c?
2
Let g = 379 + -271. Suppose -84 = -4*d + g. List the prime factors of d.
2, 3
Let y = 0 - -2. Suppose -3*h + 10 = y*h. What are the prime factors of h?
2
Let y(q) = -4*q - 1. Let p be y(1). Let j be 4*(165/(-12))/p. Suppose -j = -0*o - o. List the prime factors of o.
11
Let y(r) = -r + 2. Let u be y(-4). Suppose 24 = -2*n + u*n. What are the prime factors of n?
2, 3
Let c(w) = -34*w**3 - 2*w - 2. Let a(v) = v**2 - 4*v + 2. Let j be a(3). What are the prime factors of c(j)?
2, 17
Suppose -2 + 12 = -4*q + 2*i, -4*i = 4. Let d be (-1)/((-1)/33*q). Let l = d - -15. List the prime factors of l.
2
Let r = -29 + 57. List the prime factors of r.
2, 7
Let p(v) = v**3 - 8*v**2 - 10*v + 9. Let x be p(9). List the prime factors of (x - (-17 - 1)) + -2.
2
Let x(w) = 1 + w**3 + 7*w**2 + 1 + 1 - w + 7*w. List the prime factors of x(-6).
3
Let n = 5 + -8. Let a(g) = -3*g - 3. Let m be a(n). Suppose -4*j + m*j - 20 = 0. What are the prime factors of j?
2, 5
Let h(w) be the first derivative of -w**4/4 + 5*w**3/3 + 7*w**2/2 + 3*w + 4. What are the prime factors of h(6)?
3
Let o(n) = 28*n. List the prime factors of o(1).
2, 7
Let t(g) = -5*g - 2. Let i be t(-2). Suppose -2*q = i, q = 4*w - 3*q - 76. What are the prime factors of w?
3, 5
Let m(v) = -v**3 - v**2 + 3*v - 1. Let j be m(-3). Suppose -5*x = -j - 112. What are the prime factors of x?
2, 3
Let i(p) = -2*p**2 - 4*p - 2. Let q be i(-2). What are the prime factors of q/6 + (-217)/(-21)?
2, 5
Suppose 107 = 2*v + 3*f - 57, 5*v + f - 423 = 0. Let x = v - 45. What are the prime factors of x?
2, 5
Let r = -42 + 102. What are the prime factors of r?
2, 3, 5
Let v(s) = -4*s**3 - s**2 - s. Let j be v(-1). Suppose j*w = 3 + 5. What are the prime factors of w?
2
What are the prime factors of 2/5 - (-178)/5?
2, 3
What are the prime factors of (100 - 0)/2 - 0?
2, 5
Let s be 2*(-1 - 6/(-4)). What are the prime factors of (-6 - -6) + (4 - s)?
3
Let j be ((-24)/(-10))/(3/(-10)). Suppose -5*u - 38 = -8. Let c = u - j. What are the prime factors of c?
2
Suppose 0 = 5*k - 2*k + 36. List the prime factors of (k - 1 - 1)*-1.
2, 7
Suppose -7*y + 250 = -2*y. Let x be -1*(1 - -6) - -1. List the prime factors of 2/3 - y/x.
3
Let f = 2 - 4. Let n be (-2 - (-6 + 2)) + f. Let o = n + 9. List the prime factors of o.
3
Suppose 3*s - 11 = y - 1, 3*s = 3*y + 18. Let g(u) = -3 + 0*u - u + 6. List the prime factors of g(y).
7
Suppose -w - 2*a + 10 = -30, a = w - 46. What are the prime factors of w?
2, 11
Let l(v) = 23*v - 1. Let g be l(1). List the prime factors of (-99)/g*(-4)/6.
3
Suppose 5*b = -h + b + 266, 0 = 5*h - 4*b - 1402. List the prime factors of h.
2, 139
Suppose -61 = -b - 5*l, 0*l - 93 = -3*b + 3*l. List the prime factors of b.
2, 3
Let a be 200/15 - 2/6. Let b = a + -18. Let g = b + 11. List the prime factors of g.
2, 3
What are the prime factors of (-2)/((-1)/(21 - 4))?
2, 17
Let j be -9 + (-1)/(2/(-2)). Let r = j + 5. What are the prime factors of (-1)/((-8)/(-3) + r)?
3
Let r(k) = -30*k**3 + k**2 - 2*k + 1. Let f be r(1). Let c = f - -49. Suppose 0 = -4*a + 3*u - 4*u + c, 0 = -u - 5. What are the prime factors of a?
2, 3
Suppose k + 2*s - 307 = -4*k, k = s + 67. List the prime factors of k.
3, 7
Suppose w - 3*v = -4*v + 3, 0 = -4*w - 5*v +